 159 divide 7993?
False
Is 364 a multiple of 14?
True
Does 115 divide 22870?
False
Is 12 a factor of 359?
False
Is 4269 a multiple of 17?
False
Is 141 a factor of 20868?
True
Does 40 divide 10520?
True
Is 7515 a multiple of 9?
True
Does 75 divide 14282?
False
Is 792 a multiple of 72?
True
Is 44 a factor of 2808?
False
Does 133 divide 2660?
True
Is 11 a factor of 2387?
True
Does 5 divide 215?
True
Does 237 divide 14681?
False
Is 364 a multiple of 13?
True
Does 10 divide 223?
False
Does 87 divide 4279?
False
Does 45 divide 24075?
True
Does 197 divide 25516?
False
Is 1023 a multiple of 31?
True
Is 16 a factor of 688?
True
Is 13 a factor of 25831?
True
Is 237 a multiple of 9?
False
Is 14 a factor of 193?
False
Does 47 divide 10810?
True
Does 165 divide 50806?
False
Is 26 a factor of 78?
True
Does 79 divide 1082?
False
Is 18 a factor of 54?
True
Is 2120 a multiple of 53?
True
Is 25 a factor of 625?
True
Is 2548 a multiple of 3?
False
Is 542 a multiple of 88?
False
Does 14 divide 843?
False
Is 20 a factor of 9151?
False
Is 9 a factor of 3672?
True
Is 136976 a multiple of 451?
False
Is 23442 a multiple of 257?
False
Is 8 a factor of 2876?
False
Does 4 divide 10041?
False
Is 99 a factor of 1213?
False
Is 5 a factor of 441?
False
Does 130 divide 5850?
True
Does 41 divide 135?
False
Is 2752 a multiple of 47?
False
Is 1890 a multiple of 27?
True
Does 53 divide 2173?
True
Is 416 a multiple of 22?
False
Is 112 even?
True
Does 120 divide 1494?
False
Does 264 divide 27192?
True
Is 34 a factor of 1447?
False
Is 147 a multiple of 16?
False
Is 4 a factor of 70?
False
Is 20 a factor of 112040?
True
Is 125 a factor of 9490?
False
Does 50 divide 2104?
False
Is 27 a multiple of 10?
False
Is 13 a factor of 4810?
True
Does 15 divide 155?
False
Is 8658 a multiple of 21?
False
Is 722 a multiple of 6?
False
Is 4123 a multiple of 133?
True
Is 115 a factor of 11754?
False
Is 496 a multiple of 3?
False
Is 1930 a multiple of 11?
False
Is 15 a factor of 33555?
True
Is 1684 a multiple of 14?
False
Is 24 a factor of 2280?
True
Is 6609 a multiple of 5?
False
Does 10 divide 6130?
True
Does 14 divide 24038?
True
Is 18 a factor of 162?
True
Is 8250 a multiple of 6?
True
Does 30 divide 5917?
False
Is 2 a factor of 39?
False
Is 50 a factor of 6758?
False
Is 13447 a multiple of 113?
True
Is 9534 a multiple of 42?
True
Does 18 divide 5054?
False
Is 37 a factor of 109?
False
Is 245 a factor of 89250?
False
Is 16 a factor of 3902?
False
Does 19 divide 82?
False
Does 76 divide 1140?
True
Is 166 a multiple of 12?
False
Is 12 a factor of 9407?
False
Is 2 a factor of 6427?
False
Is 2 a factor of 2211?
False
Does 100 divide 100?
True
Is 1344 a multiple of 39?
False
Does 8 divide 40550?
False
Is 16 a factor of 37040?
True
Is 12766 a multiple of 279?
False
Does 9 divide 1782?
True
Is 1617 a multiple of 33?
True
Is 5239 a multiple of 47?
False
Is 58512 a multiple of 138?
True
Does 20 divide 31987?
False
Is 8755 a multiple of 17?
True
Is 153 a multiple of 9?
True
Does 79 divide 22734?
False
Is 3204 a multiple of 89?
True
Is 103 a multiple of 16?
False
Does 103 divide 309?
True
Is 54375 a multiple of 25?
True
Does 45 divide 1644?
False
Does 212 divide 4301?
False
Is 186 a factor of 32922?
True
Is 6999 a multiple of 67?
False
Does 3 divide 267?
True
Does 18 divide 11986?
False
Is 73 a multiple of 4?
False
Is 62 a multiple of 2?
True
Does 27 divide 54?
True
Is 29 a factor of 1392?
True
Is 5 a factor of 30505?
True
Is 3603 a multiple of 13?
False
Does 16 divide 1117?
False
Is 80 a multiple of 8?
True
Is 353 a multiple of 10?
False
Does 18 divide 19967?
False
Is 16532 a multiple of 67?
False
Is 11 a factor of 22?
True
Is 3260 a multiple of 8?
False
Does 22 divide 5562?
False
Is 13 a factor of 1204?
False
Does 6 divide 11375?
False
Is 36 a factor of 702?
False
Is 35 a factor of 61355?
True
Does 43 divide 4527?
False
Is 813 a multiple of 43?
False
Does 67 divide 7638?
True
Does 14 divide 4134?
False
Does 3 divide 41?
False
Is 2239 a multiple of 5?
False
Is 54 a factor of 54?
True
Is 17 a factor of 395?
False
Is 16 a factor of 63743?
False
Does 2 divide 233?
False
Is 308 a factor of 48048?
True
Is 22 a factor of 14477?
False
Is 28 a factor of 3475?
False
Is 63153 a multiple of 63?
False
Is 15 a factor of 5021?
False
Does 9 divide 32940?
True
Is 242 a factor of 102608?
True
Is 1568 a multiple of 49?
True
Does 41 divide 574?
True
Is 18 a factor of 15688?
False
Is 2 a factor of 1403?
False
Is 5 a factor of 271?
False
Does 29 divide 7250?
True
Is 29 a factor of 3596?
True
Is 1478 a multiple of 23?
False
Does 35 divide 6618?
False
Does 13 divide 51103?
True
Is 26457 a multiple of 28?
False
Does 7 divide 319?
False
Is 18 a factor of 1010?
False
Is 4992 a multiple of 14?
False
Is 394 a multiple of 4?
False
Is 36 a factor of 7254?
False
Does 7 divide 1801?
False
Is 9 a factor of 684?
True
Does 77 divide 1023?
False
Does 136 divide 6256?
True
Does 23 divide 299?
True
Does 48 divide 6532?
False
Does 88 divide 22176?
True
Is 4 a factor of 3388?
True
Is 30 a factor of 600?
True
Is 2898 a multiple of 46?
True
Is 38 a factor of 5994?
False
Does 235 divide 36616?
False
Does 33 divide 30921?
True
Is 3712 a multiple of 16?
True
Is 1204 a multiple of 23?
False
Is 116525 a multiple of 25?
True
Is 19 a factor of 1324?
False
Is 28236 a multiple of 156?
True
Is 16 a factor of 1088?
True
Does 29 divide 11165?
True
Is 259 a factor of 42087?
False
Is 28366 a multiple of 26?
True
Does 51 divide 1887?
True
Is 3994 a multiple of 24?
False
Is 2 a factor of 129?
False
Is 91 a factor of 19383?
True
Is 36192 a multiple of 232?
True
Is 29 a factor of 1160?
True
Is 5588 a multiple of 22?
True
Does 9 divide 814?
False
Does 9 divide 423?
True
Is 3960 a multiple of 13?
False
Does 3 divide 1836?
True
Is 24 a factor of 2352?
True
Does 14 divide 924?
True
Does 59 divide 4956?
True
Is 5430 a multiple of 15?
True
Is 48 a multiple of 11?
False
Is 28 a factor of 812?
True
Is 3 a factor of 13555?
False
Is 20 a factor of 208?
False
Does 38 divide 485?
False
Is 11241 a multiple of 44?
False
Is 7 a factor of 298?
False
Does 48 divide 5472?
True
Is 8 a factor of 1127?
False
Does 237 divide 9006?
True
Is 9768 a multiple of 37?
True
Is 52 a factor of 1933?
False
Is 10 a factor of 3917?
False
Is 30 a factor of 7830?
True
Is 224344 a multiple of 17?
False
Is 24 a factor of 14040?
True
Is 412 a multiple of 4?
True
Is 9 a factor of 4482?
True
Is 31 a factor of 2201?
True
Does 19 divide 209?
True
Is 60 a factor of 1440?
True
Does 101 divide 101?
True
Does 22 divide 62370?
True
Does 15 divide 6375?
True
Is 1872 a multiple of 52?
True
Is 18079 a multiple of 101?
True
Does 6 divide 1632?
True
Is 3692 a multiple of 52?
True
Does 40 divide 1200?
True
Is 825 a multiple of 15?
True
Is 8 a factor of 472?
True
Is 37975 a multiple of 97?
False
Is 212 a multiple of 33?
False
Does 5 divide 2162?
False
Is 22 a factor of 3586?
True
Does 71 divide 12671?
False
Is 80 even?
True
Is 28 a factor of 216?
False
Does 10 divide 7120?
True
Does 25 divide 842?
False
Does 48 divide 6960?
True
Is 2967 a multiple of 83?
False
Is 7 a factor of 584?
False
Is 11 a factor of 406?
False
Is 27 a factor of 16011?
True
Is 3 a factor of 20?
False
Is 620 a multiple of 124?
True
Is 90 a factor of 1530?
True
Is 4 a factor of 75355?
False
Does 44 divide 1478?
False
Is 17000 a multiple of 40?
True
Is 18 a factor of 360?
True
Is 16635 a multiple of 42?
False
Does 18 divide 51972?
False
Does 130 divide 4290?
True
Is 23 a factor of 774?
False
Is 62 a factor of 2108?
True
Does 19 divide 1710?
True
Is 1227 a multiple of 43?
False
Is 219 a multiple of 7?
False
Is 55 a factor of 36166?
False
Does 12 divide 1624?
False
Is 49 even?
False
Is 11568 a multiple of 12?
True
Is 172 a factor of 36285?
False
Does 79 divide 474?
True
Does 14 divide 10206?
True
Is 1736 a multiple of 14?
True
Does 76 divide 2006?
False
Is 19990 a multiple of 38?
False
Does 21 divide 2500?
False
Is 959 a multiple of 56?
False
Does 5 divide 3149?
False
Does 11 divide 891?
True
Is 229 a multiple of 21?
False
Does 11 divide 28440?
False
Is 887 a multiple of 4?
False
Is 34 a factor of 7041?
False
Is 49 a factor of 8474?
False
Does 61 divide 854?
True
Does 80 divide 1840?
True
Does 37 divide 97828?
True
Does 2 divide 4119?
False
Is 292 